rivative of 11*d**3/6 + d**2/2 + 6*d. Let v(f) = f**3 - 6*f**2 - 16*f - 1. Let j be v(8). Calculate t(j).
-10
Let b = -46 - -49. Let t(k) = -2*k**3 + 3*k**2 - 4*k + 5. Let m(w) = w**3 - w - 1. Let s(o) = b*m(o) + t(o). Calculate s(-5).
-13
Let o(q) = -6*q**2 + 3 - q**3 + q - q - 4*q. Let j = -26 - -30. Suppose 5*s + j*m + 9 = 0, 3*s = 2*s + 4*m - 21. Determine o(s).
-2
Let k(o) be the first derivative of -o**5/60 + o**4/4 + o**3/2 + 15*o**2/2 - 13. Let a(t) be the second derivative of k(t). What is a(6)?
3
Let l be (-3127)/649 - 2/11. Let a(x) = -5*x - 11. What is a(l)?
14
Let j(f) = 2*f - 1. Suppose 33 = 4*o + 8*k - 3*k, o - 2*k + 8 = 0. Let t be (o/4)/(1/10). Give j(t).
9
Let j(v) = -v**3 + 12*v**2 + 11*v + 28. Let p be j(13). Let x(o) = 161 - 2*o**2 - o - 161 - 13*o**p. Calculate x(1).
-16
Let g(b) = -b - 9. Let n(a) = -2*a + 9. Let t be -6*-1*(-4)/(-12). Suppose 0 = -r - 3*u + 23, 2*r + 2 = r + t*u. Let q be n(r). Give g(q).
-2
Let u(n) = n**3 + 7*n**2 + 6*n - 2. Suppose -2*y + 4*a = 28, -3*y + 2*a + 0*a = 30. Let v = y + -16. Let m = 18 + v. What is u(m)?
-2
Let d(t) = 5*t**3 - 9*t**2 + 2*t + 11. Let l(j) = 2*j**3 - 4*j**2 + j + 5. Let z(h) = 3*d(h) - 7*l(h). Let b(p) = -23*p + 136. Let m be b(6). Determine z(m).
-4
Let o(i) = -i**2 + 27*i - 20. Let y be o(26). Let j(b) = b**3 - 4*b**2 - 13*b + 12. What is j(y)?
6
Suppose -t = t - 3*t. Suppose t = -24*m + 20*m + 24. Let h(i) = -i + 3. Calculate h(m).
-3
Let j(g) be the first derivative of -g**2 - 2*g + 376. Give j(-5).
8
Let c(k) = -k**3 - 2*k**2 + 2*k - 3. Let v = -278 - -275. Calculate c(v).
0
Let w be (1 - (-9)/4) + (-7)/28. Let c(r) = 3*r**3 - 2*r**w - 6 - 16 + 8*r + 9*r**2 + 20. Determine c(-8).
-2
Let j(u) be the second derivative of u**5/20 + u**4/4 - 2*u**3/3 - 2*u**2 + 61*u + 3. Calculate j(-3).
8
Let g(b) = -5*b - 19. Let w(k) = -12*k - 42. Let f(z) = -9*g(z) + 4*w(z). Suppose -4*q = -3*q - 2. What is f(q)?
-3
Let q(g) = g**3 - 6*g**2 - 14*g - 20. Let y(v) = -v**3 + 6*v**2 + 13*v + 18. Let j(i) = 4*q(i) + 5*y(i). Calculate j(8).
-46
Let g(p) = -p + 10. Let j be g(8). Let m(f) = 197*f**2 - 67*f**2 + f - 8 - 65*f**2 + f**3 - 71*f**j. Calculate m(6).
-2
Let k be 2*2*(1 + 2). Suppose -3*c - 3 = -k. Let y(o) = c*o - 3*o - o + 1. What is y(-4)?
5
Let f(y) be the second derivative of y**3/6 + 7*y**2/2 - 268*y. Give f(-3).
4
Let x(a) = 8*a - 9. Let g(s) = 10*s - 6. Let m(r) = -5*g(r) + 6*x(r). What is m(-13)?
2
Let f(k) = -k**2 - k. Let u(z) = -4*z**2 - 3*z + 1. Let g(p) = -9*f(p) + 2*u(p). Let a(j) = -2*j**3 + 13*j**2 - 40. Let b be a(6). What is g(b)?
6
Let b(d) = d**3 - 6*d**2 + 4*d. Let j = -11 + 29. Suppose -4*i - j = -i. Let u = -1 - i. Determine b(u).
-5
Let f be (4/(-6))/(2/6). Let v(i) = 18*i - 2. Let j(y) = -13*y + 1. Let h(d) = -3*j(d) - 2*v(d). Give h(f).
-5
Let d(x) = -3*x + 24. Let m be d(7). Let y be 4/m*((-135)/12)/(-3). Let o(a) = a**2 - 4*a + 3. Give o(y).
8
Let h(b) = 9 - b - 2*b + 0 + 16*b - b**2 - 2. What is h(13)?
7
Suppose -2*o = -4*o + 10. Let s(v) be the third derivative of v**5/60 - 5*v**4/24 - 5*v**3/6 - 1147*v**2 - 1. Determine s(o).
-5
Let h(r) = -7*r**2 - 3*r. Let z(p) = p + 31. Let s be z(-16). Let t be (-42)/s + 32/40. Determine h(t).
-22
Let i(n) be the third derivative of n**5/120 + n**4/24 - 31*n**3/6 - 14*n**2. Let q(v) be the first derivative of i(v). Calculate q(-1).
0
Let w(a) be the third derivative of -a**6/120 + 3*a**5/20 - a**4/4 - 4*a**3/3 + 34*a**2 + 3. Determine w(8).
8
Suppose -2*j = -3*i - 20, 4*j - 3*i = -0*i + 40. Let s(a) = a**2 - 12*a + 22. Calculate s(j).
2
Let x(y) be the first derivative of 3*y**2 + 6*y - 1 - 1/3*y**3. Let z(a) = a + 15. Let c be z(-9). What is x(c)?
6
Let f(y) = y**3 - 6*y**2 - y + 6. Let t(b) = 21*b - 99. Let q be t(5). What is f(q)?
0
Let l(f) = 5*f + 6. Let n(d) = -2*d - 3. Let p(k) = k**3 + 2*k**2 - 5*k + 3. Let m be p(-4). Let j(v) = m*n(v) - 4*l(v). What is j(-3)?
9
Let k(g) = -89*g - 84*g + 73 + 265*g - 89*g. Determine k(-27).
-8
Suppose 8 = p - 2. Suppose 4*s = -6 - p. Let q(i) = -5*i - 2. Let c(h) = h + 1. Let l(f) = -3*c(f) - q(f). Determine l(s).
-9
Suppose p - 4*t - 2 = 1, -9 = p + 2*t. Let n be (6/p)/(2/(-10)). Let g(q) be the third derivative of -q**4/24 + 2*q**3 + 296*q**2 + q. Calculate g(n).
6
Let z be 12/10*30/9. Suppose 2*c - 6 = -2. Let l(r) = -r**3 - 9*r + 10*r + 5*r**c - 5*r + 5. What is l(z)?
5
Let t(q) = -20*q - 3 + 1 + 9*q + 7. Determine t(1).
-6
Let z(q) be the second derivative of -q**5/20 + q**4/2 + 7*q**3/6 + 4*q**2 + 89*q. Determine z(7).
8
Let h(c) be the third derivative of -4*c**5/15 + c**4/12 - c**3/6 + 27*c**2 + 8. Determine h(1).
-15
Let a(s) = -s**2 + 7*s + 1. Let w be ((-234)/(-10))/((-27)/(-90)). Suppose -2*c - w = 3*f, 4*f - 5*c - 78 = 7*f. Let m = -19 - f. Give a(m).
1
Let x(y) = 7*y + 5. Let l(n) = -n - 1. Let j(r) = 4*r**2 - 26*r - 8. Let s be j(7). Let p(t) = s*l(t) + x(t). What is p(-5)?
-6
Let m(f) = 41*f**2 + f. Let k be m(1). Let y = -36 + k. Let q(d) = -d**2 + 7*d - 2. Give q(y).
4
Suppose 0*j - 82 = -j. Let y = -83 + j. Let s(u) = -u. What is s(y)?
1
Let o(v) = 8*v**3 - 7*v - 15*v**3 + 4*v - 4*v**2 + 6*v**3. Give o(-4).
12
Let z(l) be the third derivative of 0*l + 0*l**3 + 5/24*l**4 + 0 + 6*l**2. What is z(-1)?
-5
Let c(y) be the first derivative of -y**4/4 - 11*y**3/3 - y**2 + y - 660. Give c(-11).
23
Let f(v) = -v**3 + 2*v**2 - 1. Suppose 2 + 1 = -s + a, -2*a = -5*s. Determine f(s).
-1
Let g(a) be the second derivative of 0 + 1/3*a**3 - 5/2*a**2 + 4*a. Calculate g(-7).
-19
Let j(t) = -t - 4 - 4 + 0*t + 1 - 2. Give j(-9).
0
Suppose -7*t - 6 = -4*t. Let q(j) be the second derivative of -j**6/360 - j**5/120 + j**4/12 - 2*j. Let v(s) be the third derivative of q(s). Give v(t).
3
Let g(n) = n**2 + 5*n + 9. Let j(r) = r**2 + 7*r + 10. Let z(k) = -2*g(k) + 3*j(k). Determine z(-11).
12
Suppose 3*h = -h - 16, 4*y + 24 = -3*h. Let k be (-20)/y - (-4)/(-6). Let z(t) = 2*t**2 + 65 - 2*t**2 + t**2 - 59 - 12*t + 5*t. Calculate z(k).
0
Let r(s) be the second derivative of -s**4/12 + s**3/2 + 5*s**2/2 - 402*s. Give r(4).
1
Let v(u) = 5*u - 5*u**2 + u**3 - 5*u**2 + 4 + 0*u + 4*u**2. Suppose 3*n - 28 = -4*n. Give v(n).
-8
Let j = -26 + 29. Let c(o) = 96*o**2 - 7*o + 7 - o**3 - 105*o**2 + 0*o**j. Calculate c(-8).
-1
Let k(v) be the third derivative of -v**8/20160 - v**7/1260 - v**6/240 + 3*v**5/20 + 9*v**2. Let r(p) be the third derivative of k(p). Determine r(-5).
-8
Let r(l) = 8*l**3 + l - 1. Let k(w) = 4*w - 23. Let t be k(6). Let m be (-1)/(((-2 + 1)*t)/1). Calculate r(m).
8
Let n be (-2)/((-4)/10*15). Let h(j) be the third derivative of -1/120*j**6 + 1/24*j**4 + 0 - n*j**3 - 2*j**2 + 0*j**5 + 0*j. Give h(0).
-2
Let y(g) be the first derivative of -3*g**2/2 - g - 18. Let l = -3 + -2. Let w(r) = -r - 10. Let p be w(l). What is y(p)?
14
Let x(n) = -12*n**3 - 2*n**2 - 2*n - 1. Suppose 4*i = -a - 0 - 4, 4*a = -i - 1. Suppose 3*f + 9 + a = 0, 11 = -5*h - 2*f. Give x(h).
11
Let r = 27 - 22. Let z(c) = -c - 5*c**2 - 4 - 4*c**3 + 3*c**3 + 2*c**3. Give z(r).
-9
Let p(n) = 2*n - 3 - 1 + 3 + 7. Let u(l) = -l + 9. Let g be u(9). Suppose g = w - 2*i + 1, 0 = -w + 6*w + 5*i + 50. What is p(w)?
-8
Let q(a) = a**2 + 5*a. Let w = 46 + -37. Suppose w*g + 48 = g. Give q(g).
6
Let i be 3/((-18)/(-10))*3. Let o(g) = -g**2 - g**2 + 10*g - 3*g - i + 6. Determine o(5).
-14
Suppose 2*p - 14 = 22. Let n = -6 + p. Suppose 0 = -5*v - 20, -3*u + u = -2*v - n. Let h(s) = 3*s**2 - 2*s - 1. What is h(u)?
7
Let u(r) be the first derivative of -r**4/4 + 7*r**3/3 - 3*r**2 + 5*r + 85. Determine u(6).
5
Let w(z) be the third derivative of z**5/30 + z**4/8 - 3*z**2. Let d = -52 + 50. Calculate w(d).
2
Let d(a) = -a**2 + 6*a. Let i be 0 + (-3)/((-9)/15). Let m be d(i). Let k(t) = 0*t + 0*t**2 + 4*t - 5*t + t**2 - m. What is k(0)?
-5
Let k(h) = 22 + 8*h - 11*h - 98 + 4*h + 4*h. Calculate k(14).
-6
Let n(q) = q + 3. Let p(o) = -o**2 + 6*o + 4. Let f be p(7). Let v(m) = -m + 5. Let l be v(f). Suppose 9 = -l*u + 5*u. Determine n(u).
0
Let n be (-2)/6*(-1 - 5). Suppose -j + 0 = -2*r - n, 2 = 4*j - 2*r. Let w(v) = 0 + 2*v - 2 - 3*v. Give w(j).
-2
Suppose -2*f + 13 = -3*h - 30, 0 = -5*h - f - 63. Let p(y) = y**2 + 14*y - 6. Calculate p(h).
-19
Let s = -12 + 23. Let o(p) = -p**2 + 13*p - 5. Let k be o(s). Let x(l) = -2*